{"version":"1.0","provider_name":"Autoridad Nacional de Aduanas","provider_url":"https:\/\/www.ana.gob.pa","title":"Panam\u00e1 asume la Presidencia Pro Tempore del SICA - Autoridad Nacional de Aduanas","type":"rich","width":600,"height":338,"html":"<blockquote class=\"wp-embedded-content\" data-secret=\"TtvAPD6Rgv\"><a href=\"https:\/\/www.ana.gob.pa\/index.php\/2017\/06\/30\/panama-asume-la-presidencia-pro-tempore-del-sica\/\">Panam\u00e1 asume la Presidencia Pro Tempore del SICA<\/a><\/blockquote><iframe sandbox=\"allow-scripts\" security=\"restricted\" src=\"https:\/\/www.ana.gob.pa\/index.php\/2017\/06\/30\/panama-asume-la-presidencia-pro-tempore-del-sica\/embed\/#?secret=TtvAPD6Rgv\" width=\"600\" height=\"338\" title=\"\u00abPanam\u00e1 asume la Presidencia Pro Tempore del SICA\u00bb \u2014 Autoridad Nacional de Aduanas\" data-secret=\"TtvAPD6Rgv\" frameborder=\"0\" marginwidth=\"0\" marginheight=\"0\" scrolling=\"no\" class=\"wp-embedded-content\"><\/iframe><script type=\"text\/javascript\">\n\/* <![CDATA[ *\/\n\/*! This file is auto-generated *\/\n!function(d,l){\"use strict\";l.querySelector&&d.addEventListener&&\"undefined\"!=typeof URL&&(d.wp=d.wp||{},d.wp.receiveEmbedMessage||(d.wp.receiveEmbedMessage=function(e){var t=e.data;if((t||t.secret||t.message||t.value)&&!\/[^a-zA-Z0-9]\/.test(t.secret)){for(var s,r,n,a=l.querySelectorAll('iframe[data-secret=\"'+t.secret+'\"]'),o=l.querySelectorAll('blockquote[data-secret=\"'+t.secret+'\"]'),c=new RegExp(\"^https?:$\",\"i\"),i=0;i<o.length;i++)o[i].style.display=\"none\";for(i=0;i<a.length;i++)s=a[i],e.source===s.contentWindow&&(s.removeAttribute(\"style\"),\"height\"===t.message?(1e3<(r=parseInt(t.value,10))?r=1e3:~~r<200&&(r=200),s.height=r):\"link\"===t.message&&(r=new URL(s.getAttribute(\"src\")),n=new URL(t.value),c.test(n.protocol))&&n.host===r.host&&l.activeElement===s&&(d.top.location.href=t.value))}},d.addEventListener(\"message\",d.wp.receiveEmbedMessage,!1),l.addEventListener(\"DOMContentLoaded\",function(){for(var e,t,s=l.querySelectorAll(\"iframe.wp-embedded-content\"),r=0;r<s.length;r++)(t=(e=s[r]).getAttribute(\"data-secret\"))||(t=Math.random().toString(36).substring(2,12),e.src+=\"#?secret=\"+t,e.setAttribute(\"data-secret\",t)),e.contentWindow.postMessage({message:\"ready\",secret:t},\"*\")},!1)))}(window,document);\n\/\/# sourceURL=https:\/\/www.ana.gob.pa\/wp-includes\/js\/wp-embed.min.js\n\/* ]]> *\/\n<\/script>\n","thumbnail_url":"https:\/\/www.ana.gob.pa\/wp-content\/uploads\/2025\/08\/DDiCw1AXkAAumtV.jpg","thumbnail_width":847,"thumbnail_height":463,"description":"Desde hoy Panam\u00e1 asume la Presidencia Pro Tempore del Sistema de Integraci\u00f3n Centroamericana (SICA) en un acto de traspaso realizado en San Jos\u00e9, Costa Rica, que cont\u00f3 con la asistencia del Presidente de la Rep\u00fablica Juan Carlos Varela. Ante la presencia los distintos mandatarios de los pa\u00edses que componen el istmo centroamericano, el presidente paname\u00f1o [&hellip;]"}

Panamá asume la Presidencia Pro Tempore del SICA - Autoridad Nacional de Aduanas

<blockquote class="wp-embedded-content" data-secret="TtvAPD6Rgv"><a href="https://www.ana.gob.pa/index.php/2017/06/30/panama-asume-la-presidencia-pro-tempore-del-sica/">Panamá asume la Presidencia Pro Tempore del SICA</a></blockquote><iframe sandbox="allow-scripts" security="restricted" src="https://www.ana.gob.pa/index.php/2017/06/30/panama-asume-la-presidencia-pro-tempore-del-sica/embed/#?secret=TtvAPD6Rgv" width="600" height="338" title="«Panamá asume la Presidencia Pro Tempore del SICA» — Autoridad Nacional de Aduanas" data-secret="TtvAPD6Rgv" frameborder="0" marginwidth="0" marginheight="0" scrolling="no" class="wp-embedded-content"></iframe><script type="text/javascript">
/* <![CDATA[ */
/*! This file is auto-generated */
!function(d,l){"use strict";l.querySelector&&d.addEventListener&&"undefined"!=typeof URL&&(d.wp=d.wp||{},d.wp.receiveEmbedMessage||(d.wp.receiveEmbedMessage=function(e){var t=e.data;if((t||t.secret||t.message||t.value)&&!/[^a-zA-Z0-9]/.test(t.secret)){for(var s,r,n,a=l.querySelectorAll('iframe[data-secret="'+t.secret+'"]'),o=l.querySelectorAll('blockquote[data-secret="'+t.secret+'"]'),c=new RegExp("^https?:$","i"),i=0;i<o.length;i++)o[i].style.display="none";for(i=0;i<a.length;i++)s=a[i],e.source===s.contentWindow&&(s.removeAttribute("style"),"height"===t.message?(1e3<(r=parseInt(t.value,10))?r=1e3:~~r<200&&(r=200),s.height=r):"link"===t.message&&(r=new URL(s.getAttribute("src")),n=new URL(t.value),c.test(n.protocol))&&n.host===r.host&&l.activeElement===s&&(d.top.location.href=t.value))}},d.addEventListener("message",d.wp.receiveEmbedMessage,!1),l.addEventListener("DOMContentLoaded",function(){for(var e,t,s=l.querySelectorAll("iframe.wp-embedded-content"),r=0;r<s.length;r++)(t=(e=s[r]).getAttribute("data-secret"))||(t=Math.random().toString(36).substring(2,12),e.src+="#?secret="+t,e.setAttribute("data-secret",t)),e.contentWindow.postMessage({message:"ready",secret:t},"*")},!1)))}(window,document);
//# sourceURL=https://www.ana.gob.pa/wp-includes/js/wp-embed.min.js
/* ]]> */
</script>

Desde hoy Panamá asume la Presidencia Pro Tempore del Sistema de Integración Centroamericana (SICA) en un acto de traspaso realizado en San José, Costa Rica, que contó con la asistencia del Presidente de la República Juan Carlos Varela. Ante la presencia los distintos mandatarios de los países que componen el istmo centroamericano, el presidente panameño [&hellip;]
